ac (base 15) to base 3.
112100
-1117 (base 10) to base 12
-791
-10050 (base 6) to base 11
-aa6
What is -10 (base 2) in base 11?
-2
Convert 2566 (base 11) to base 13.
169b
Convert 33a35 (base 11) to base 8.
140014
What is 23 (base 14) in base 11?
29
What is 24310 (base 5) in base 8?
3446
Convert -a7f (base 16) to base 11.
-2023
What is 124420 (base 5) in base 2?
1001101111001
What is 7703 (base 10) in base 15?
2438
Convert -21a (base 13) to base 3.
-111101
What is 1212223 (base 4) in base 2?
1100110101011
Convert 11322 (base 4) to base 15.
1a3
355 (base 8) to base 13
153
What is 1c8 (base 14) in base 5?
2442
What is -9478 (base 10) in base 3?
-111000001
Convert -404 (base 11) to base 16.
-1e8
-13023333 (base 4) to base 13
-10527
-1056 (base 11) to base 12
-980
Convert -727 (base 10) to base 15.
-337
Convert -2047 (base 10) to base 12.
-1227
Convert -2227 (base 8) to base 2.
-10010010111
Convert 2121 (base 6) to base 2.
111100001
-34442 (base 6) to base 2
-1001100111010
Convert -12 (base 14) to base 10.
-16
Convert -1001212210 (base 3) to base 10.
-21054
Convert 24210 (base 5) to base 8.
3415
What is 8117 (base 13) in base 10?
17765
231 (base 15) to base 4
13300
Convert 524 (base 9) to base 3.
120211
-10120201 (base 3) to base 6
-20031
What is -1543 (base 6) in base 16?
-1a7
-32611 (base 7) to base 8
-17777
Convert -22c (base 16) to base 3.
-202121
Convert -1d49 (base 15) to base 11.
-4870
What is 1d531 (base 14) in base 15?
173c6
What is -431230 (base 5) in base 14?
-5445
What is 1315 (base 7) in base 6?
2154
-2102222112 (base 3) to base 13
-18b81
-1020 (base 7) to base 16
-165
-1100110101011111 (base 2) to base 13
-1ac13
What is 2587 (base 14) in base 16?
19bb
Convert 103667 (base 8) to base 4.
20132313
What is 21075 (base 8) in base 12?
50a5
What is -4577 (base 8) in base 5?
-34211
What is 133330 (base 6) in base 7?
51156
Convert b39 (base 14) to base 3.
10000202
Convert 143042 (base 5) to base 16.
1786
Convert 11201020 (base 3) to base 11.
2643
Convert -26765 (base 8) to base 10.
-11765
What is -212121222 (base 3) in base 6?
-211425
Convert 2534 (base 9) to base 16.
766
What is 12781 (base 12) in base 8?
61321
Convert -33122 (base 4) to base 15.
-45b
Convert 2334421 (base 5) to base 12.
20b47
1d65 (base 16) to base 2
1110101100101
-110001000 (base 2) to base 7
-1100
-2c0 (base 16) to base 2
-1011000000
3432 (base 7) to base 10
1248
1100111110010 (base 2) to base 11
4a99
What is 1001110 (base 3) in base 11?
639
-5277 (base 12) to base 6
-105431
What is 166 (base 10) in base 8?
246
What is 11403 (base 9) in base 3?
101110010
What is -11100110110 (base 2) in base 16?
-736
What is -1303303 (base 5) in base 4?
-12031231
-1000120 (base 4) to base 8
-10030
What is -30d (base 14) in base 6?
-2441
What is 127a (base 16) in base 6?
33522
What is 1135 (base 8) in base 4?
21131
What is -50d (base 14) in base 9?
-1323
21012000 (base 3) to base 15
1843
What is -adb (base 15) in base 11?
-1933
-120200 (base 3) to base 7
-1143
120 (base 15) to base 12
193
Convert 1042340 (base 5) to base 8.
44046
What is 3461 (base 12) in base 6?
43001
-717 (base 14) to base 11
-1057
What is 4c47 (base 15) in base 7?
65266
10434 (base 5) to base 8
1350
-790 (base 13) to base 3
-1210011
121544 (base 7) to base 5
1202404
-12303 (base 6) to base 7
-5235
-780 (base 16) to base 3
-2122010
1556 (base 11) to base 15
8d2
What is 63 (base 15) in base 16?
5d
Convert 12312 (base 12) to base 7.
131555
What is -11110000111 (base 2) in base 8?
-3607
Convert -10100000 (base 2) to base 13.
-c4
What is -110010 (base 2) in base 15?
-35
What is ed3 (base 15) in base 12?
1b30
Convert 118 (base 16) to base 2.
100011000
1020021 (base 3) to base 5
12043
Convert -296 (base 10) to base 14.
-172
-2000220120 (base 3) to base 6
-505153
What is 690 (base 10) in base 8?
1262
-234 (base 9) to base 6
-521
b206 (base 14) to base 12
15846
What is -21000 (base 4) in base 5?
-4301
What is 8c10 (base 16) in base 15?
a956
331004 (base 6) to base 11
19682
Convert -ce4a (base 15) to base 11.
-2a936
-211 (base 5) to base 10
-56
Convert 4644 (base 10) to base 16.
1224
What is -10021211101 (base 3) in base 12?
-31584
4323 (base 5) to base 10
588
Convert -35471 (base 12) to base 11.
-497a9
Convert 1044 (base 6) to base 2.
11110100
Convert 5015 (base 11) to base 8.
15017
Convert -3191 (base 10) to base 7.
-12206
What is 3214 (base 13) in base 5?
210241
Convert -521 (base 6) to base 8.
-301
What is -10001110111 (base 2) in base 10?
-1143
-204 (base 12) to base 8
-444
Convert 31331 (base 5) to base 10.
2091
3130 (base 5) to base 14
219
303111 (base 5) to base 10
9781
Convert -1114 (base 14) to base 4.
-232032
What is -5630 (base 7) in base 14?
-a50
What is -9459 (base 12) in base 3?
-211012220
-ccb (base 14) to base 9
-3422
What is -1b3 (base 13) in base 9?
-380
c452 (base 13) to base 4
12213203
-11111000000 (base 2) to base 10
-1984
What is -535541 (base 6) in base 12?
-215b1
Convert 112210010 (base 3) to base 10.
10776
What is -140 (base 12) in base 2?
-11000000
What is -2136 (base 7) in base 13?
-468
What is -30331 (base 5) in base 14?
-a06
Convert 747c (base 13) to base 14.
5c62
What is 1a24 (base 13) in base 7?
14264
-730a (base 14) to base 11
-13976
34827 (base 10) to base 5
2103302
What is 221060 (base 7) in base 16?
9791
What is 8b9 (base 15) in base 14?
a10
Convert -5012 (base 7) to base 6.
-11552
1040 (base 6) to base 4
3300
What is 4016 (base 7) in base 10?
1385
Convert -1448 (base 9) to base 14.
-585
What is -12022 (base 5) in base 4?
-31313
Convert -3244 (base 8) to base 3.
-2022222
What is -2a134 (base 12) in base 14?
-1769a
-419 (base 14) to base 9
-1086
What is -50 (base 12) in base 13?
-48
1142 (base 14) to base 16
bb6
-18575 (base 9) to base 7
-52340
-15976 (base 11) to base 9
-33734
Convert -74 (base 10) to base 6.
-202
843 (base 9) to base 2
1010101111
What is 14421 (base 5) in base 11?
a24
-7587 (base 10) to base 9
-11360
What is 210533 (base 6) in base 10?
17049
-3034 (base 7) to base 11
-879
332 (base 9) to base 10
272
What is 71449 (base 10) in base 4?
101130121
Convert -10000202 (base 4) to base 12.
-9602
Convert 1251 (base 7) to base 10.
477
Convert 1000010200 (base 3) to base 10.
19782
What is -4a41 (base 11) in base 2?
-1100110110011
Convert -12200102 (base 3) to base 4.
-1000232
Convert -1aa (base 15) to base 12.
-281
Convert 126a (base 11) to base 14.
85b
2283 (base 14) to base 5
142440
What is 10042 (base 5) in base 9?
788
What is -5be (base 15) in base 13?
-794
What is -546 (base 12) in base 7?
-2154
What is 1705 (base 10) in base 2?
11010101001
Convert 44 (base 13) to base 9.
62
Convert -11232313 (base 4) to base 13.
-a8c1
3651 (base 11) to base 10
4775
Convert -110010011 (base 2) to base 7.
-1114
Convert -10600 (base 9) to base 14.
-27d5
Convert -10120101 (base 3) to base 9.
-3511
What is 1b00 (base 14) in base 13?
22cc
-459 (base 16) to base 10
-1113
What is 56381 (base 9) in base 5?
2144440
What is -10010100 (base 2) in base 11?
-125
1102102020 (base 3) to base 9
42366
Convert -1c6 (base 13) to base 14.
-199
Convert -11310 (base 5) to base 6.
-3502
11302 (base 4) to base 13
226
What is -25414 (base 6) in base 12?
-226a
What is 2011 (base 5) in base 15?
121
What is 34311 (base 8) in base 2?
11100011001001
What is -2526 (base 12) in base 5?
-113311
-839 (base 10) to base 11
-6a3
140143 (base 6) to base 14
4a63
What is a4 (base 12) in base 8?
174
-1100101001 (base 2) to base 5
-11214
-126026 (base 7) to base 8
-56207
Convert -16288 (base 13) to base 8.
-122321
17738 (base 10) to base 3
220022222
-487 (base 13) to base 4
-30103
Convert 10313 (base 4) to base 13.
1ac
1002320 (base 4) to base 14
17ba
What is 19a9 (base 11) in base 3?
10111001
Convert 110100001111 (base 2) to base 12.
1b27
Convert 15e9 (base 16) to base 2.
1010111101001
10011101001 (base 2) to base 15
58c
-17ed (base 16) to base 6
-44205
What is -3037 (base 9) in base 5?
-32341
Convert -c8d (base 16) to base 10.
-3213
-413 (base 11) to base 16
-1f2
What is 1031213 (base 4) in base 15?
1712
What is 264 (base 12) in base 8?
554
Convert -220422 (base 5) to base 6.
-55124
Convert 617 (base 8) to base 13.
249
Convert -333 (base 11) to base 14.
-207
Convert -303023 (base 4) to base 10.
-3275
What is -12203132 (base 4) in base